{"id":133,"date":"2022-11-05T16:24:23","date_gmt":"2022-11-05T16:24:23","guid":{"rendered":"https:\/\/rod-kosciuszki.pl\/?page_id=133"},"modified":"2022-11-24T20:01:03","modified_gmt":"2022-11-24T20:01:03","slug":"swietlica","status":"publish","type":"page","link":"https:\/\/rod-kosciuszki.pl\/index.php\/swietlica\/","title":{"rendered":"\u015awietlica"},"content":{"rendered":"<h2><img loading=\"lazy\" decoding=\"async\" class=\"alignnone size-medium wp-image-372\" src=\"https:\/\/rod-kosciuszki.pl\/wp-content\/uploads\/2022\/11\/ppp-300x229.jpg\" alt=\"\" width=\"300\" height=\"229\" srcset=\"https:\/\/rod-kosciuszki.pl\/wp-content\/uploads\/2022\/11\/ppp-300x229.jpg 300w, https:\/\/rod-kosciuszki.pl\/wp-content\/uploads\/2022\/11\/ppp-1024x783.jpg 1024w, https:\/\/rod-kosciuszki.pl\/wp-content\/uploads\/2022\/11\/ppp-768x587.jpg 768w, https:\/\/rod-kosciuszki.pl\/wp-content\/uploads\/2022\/11\/ppp-1536x1174.jpg 1536w, https:\/\/rod-kosciuszki.pl\/wp-content\/uploads\/2022\/11\/ppp-78x60.jpg 78w, https:\/\/rod-kosciuszki.pl\/wp-content\/uploads\/2022\/11\/ppp.jpg 1920w\" sizes=\"auto, (max-width: 300px) 100vw, 300px\" \/><\/h2>\n<div id='gallery-1' class='gallery galleryid-133 gallery-columns-3 gallery-size-full'><figure class='gallery-item'>\n\t\t\t<div class='gallery-icon landscape'>\n\t\t\t\t<a href='https:\/\/rod-kosciuszki.pl\/wp-content\/uploads\/2022\/11\/20221114_114750.jpg'><img loading=\"lazy\" decoding=\"async\" width=\"1920\" height=\"865\" src=\"https:\/\/rod-kosciuszki.pl\/wp-content\/uploads\/2022\/11\/20221114_114750.jpg\" class=\"attachment-full size-full\" alt=\"\" srcset=\"https:\/\/rod-kosciuszki.pl\/wp-content\/uploads\/2022\/11\/20221114_114750.jpg 1920w, https:\/\/rod-kosciuszki.pl\/wp-content\/uploads\/2022\/11\/20221114_114750-300x135.jpg 300w, https:\/\/rod-kosciuszki.pl\/wp-content\/uploads\/2022\/11\/20221114_114750-1024x461.jpg 1024w, https:\/\/rod-kosciuszki.pl\/wp-content\/uploads\/2022\/11\/20221114_114750-768x346.jpg 768w, https:\/\/rod-kosciuszki.pl\/wp-content\/uploads\/2022\/11\/20221114_114750-1536x692.jpg 1536w, https:\/\/rod-kosciuszki.pl\/wp-content\/uploads\/2022\/11\/20221114_114750-133x60.jpg 133w\" sizes=\"auto, (max-width: 1920px) 100vw, 1920px\" \/><\/a>\n\t\t\t<\/div><\/figure><figure class='gallery-item'>\n\t\t\t<div class='gallery-icon landscape'>\n\t\t\t\t<a href='https:\/\/rod-kosciuszki.pl\/wp-content\/uploads\/2022\/11\/20221114_114804.jpg'><img loading=\"lazy\" decoding=\"async\" width=\"1920\" height=\"865\" src=\"https:\/\/rod-kosciuszki.pl\/wp-content\/uploads\/2022\/11\/20221114_114804.jpg\" class=\"attachment-full size-full\" alt=\"\" srcset=\"https:\/\/rod-kosciuszki.pl\/wp-content\/uploads\/2022\/11\/20221114_114804.jpg 1920w, https:\/\/rod-kosciuszki.pl\/wp-content\/uploads\/2022\/11\/20221114_114804-300x135.jpg 300w, https:\/\/rod-kosciuszki.pl\/wp-content\/uploads\/2022\/11\/20221114_114804-1024x461.jpg 1024w, https:\/\/rod-kosciuszki.pl\/wp-content\/uploads\/2022\/11\/20221114_114804-768x346.jpg 768w, https:\/\/rod-kosciuszki.pl\/wp-content\/uploads\/2022\/11\/20221114_114804-1536x692.jpg 1536w, https:\/\/rod-kosciuszki.pl\/wp-content\/uploads\/2022\/11\/20221114_114804-133x60.jpg 133w\" sizes=\"auto, (max-width: 1920px) 100vw, 1920px\" \/><\/a>\n\t\t\t<\/div><\/figure><figure class='gallery-item'>\n\t\t\t<div class='gallery-icon landscape'>\n\t\t\t\t<a href='https:\/\/rod-kosciuszki.pl\/wp-content\/uploads\/2022\/11\/20221114_114826.jpg'><img loading=\"lazy\" decoding=\"async\" width=\"1920\" height=\"865\" src=\"https:\/\/rod-kosciuszki.pl\/wp-content\/uploads\/2022\/11\/20221114_114826.jpg\" class=\"attachment-full size-full\" alt=\"\" srcset=\"https:\/\/rod-kosciuszki.pl\/wp-content\/uploads\/2022\/11\/20221114_114826.jpg 1920w, https:\/\/rod-kosciuszki.pl\/wp-content\/uploads\/2022\/11\/20221114_114826-300x135.jpg 300w, https:\/\/rod-kosciuszki.pl\/wp-content\/uploads\/2022\/11\/20221114_114826-1024x461.jpg 1024w, https:\/\/rod-kosciuszki.pl\/wp-content\/uploads\/2022\/11\/20221114_114826-768x346.jpg 768w, https:\/\/rod-kosciuszki.pl\/wp-content\/uploads\/2022\/11\/20221114_114826-1536x692.jpg 1536w, https:\/\/rod-kosciuszki.pl\/wp-content\/uploads\/2022\/11\/20221114_114826-133x60.jpg 133w\" sizes=\"auto, (max-width: 1920px) 100vw, 1920px\" \/><\/a>\n\t\t\t<\/div><\/figure><figure class='gallery-item'>\n\t\t\t<div class='gallery-icon landscape'>\n\t\t\t\t<a href='https:\/\/rod-kosciuszki.pl\/wp-content\/uploads\/2022\/11\/20221114_114845.jpg'><img loading=\"lazy\" decoding=\"async\" width=\"1920\" height=\"865\" src=\"https:\/\/rod-kosciuszki.pl\/wp-content\/uploads\/2022\/11\/20221114_114845.jpg\" class=\"attachment-full size-full\" alt=\"\" srcset=\"https:\/\/rod-kosciuszki.pl\/wp-content\/uploads\/2022\/11\/20221114_114845.jpg 1920w, https:\/\/rod-kosciuszki.pl\/wp-content\/uploads\/2022\/11\/20221114_114845-300x135.jpg 300w, https:\/\/rod-kosciuszki.pl\/wp-content\/uploads\/2022\/11\/20221114_114845-1024x461.jpg 1024w, https:\/\/rod-kosciuszki.pl\/wp-content\/uploads\/2022\/11\/20221114_114845-768x346.jpg 768w, https:\/\/rod-kosciuszki.pl\/wp-content\/uploads\/2022\/11\/20221114_114845-1536x692.jpg 1536w, https:\/\/rod-kosciuszki.pl\/wp-content\/uploads\/2022\/11\/20221114_114845-133x60.jpg 133w\" sizes=\"auto, (max-width: 1920px) 100vw, 1920px\" \/><\/a>\n\t\t\t<\/div><\/figure><figure class='gallery-item'>\n\t\t\t<div class='gallery-icon landscape'>\n\t\t\t\t<a href='https:\/\/rod-kosciuszki.pl\/wp-content\/uploads\/2022\/11\/20221114_114907.jpg'><img loading=\"lazy\" decoding=\"async\" width=\"1920\" height=\"865\" src=\"https:\/\/rod-kosciuszki.pl\/wp-content\/uploads\/2022\/11\/20221114_114907.jpg\" class=\"attachment-full size-full\" alt=\"\" srcset=\"https:\/\/rod-kosciuszki.pl\/wp-content\/uploads\/2022\/11\/20221114_114907.jpg 1920w, https:\/\/rod-kosciuszki.pl\/wp-content\/uploads\/2022\/11\/20221114_114907-300x135.jpg 300w, https:\/\/rod-kosciuszki.pl\/wp-content\/uploads\/2022\/11\/20221114_114907-1024x461.jpg 1024w, https:\/\/rod-kosciuszki.pl\/wp-content\/uploads\/2022\/11\/20221114_114907-768x346.jpg 768w, https:\/\/rod-kosciuszki.pl\/wp-content\/uploads\/2022\/11\/20221114_114907-1536x692.jpg 1536w, https:\/\/rod-kosciuszki.pl\/wp-content\/uploads\/2022\/11\/20221114_114907-133x60.jpg 133w\" sizes=\"auto, (max-width: 1920px) 100vw, 1920px\" \/><\/a>\n\t\t\t<\/div><\/figure><figure class='gallery-item'>\n\t\t\t<div class='gallery-icon landscape'>\n\t\t\t\t<a href='https:\/\/rod-kosciuszki.pl\/wp-content\/uploads\/2022\/11\/20221114_115254.jpg'><img loading=\"lazy\" decoding=\"async\" width=\"1920\" height=\"865\" src=\"https:\/\/rod-kosciuszki.pl\/wp-content\/uploads\/2022\/11\/20221114_115254.jpg\" class=\"attachment-full size-full\" alt=\"\" srcset=\"https:\/\/rod-kosciuszki.pl\/wp-content\/uploads\/2022\/11\/20221114_115254.jpg 1920w, https:\/\/rod-kosciuszki.pl\/wp-content\/uploads\/2022\/11\/20221114_115254-300x135.jpg 300w, https:\/\/rod-kosciuszki.pl\/wp-content\/uploads\/2022\/11\/20221114_115254-1024x461.jpg 1024w, https:\/\/rod-kosciuszki.pl\/wp-content\/uploads\/2022\/11\/20221114_115254-768x346.jpg 768w, https:\/\/rod-kosciuszki.pl\/wp-content\/uploads\/2022\/11\/20221114_115254-1536x692.jpg 1536w, https:\/\/rod-kosciuszki.pl\/wp-content\/uploads\/2022\/11\/20221114_115254-133x60.jpg 133w\" sizes=\"auto, (max-width: 1920px) 100vw, 1920px\" \/><\/a>\n\t\t\t<\/div><\/figure>\n\t\t<\/div>\n\n<h2>Wynajem \u015bwietlicy<\/h2>\n<p>Zarz\u0105d ROD im. T. Ko\u015bciuszki w Szamotu\u0142ach u\u017cycza \u015bwietlic\u0119 dzia\u0142kow\u0105 na imprezy rodzinne i okoliczno\u015bciowe. Mo\u017cliwo\u015b\u0107 zorganizowania imprezy samodzielnie lub przy wsp\u00f3\u0142pracy firmy cateringowej.<\/p>\n<p>\u015awietlica wyposa\u017cona jest w sto\u0142y i krzes\u0142a na oko\u0142o 40 os\u00f3b (miejsca siedz\u0105ce) i jest to optymalna ilo\u015b\u0107 przy imprezie organizowanej wraz z zabaw\u0105 taneczn\u0105. Zapewniamy zaplecze sanitarne oraz zaplecze kuchenne. Zaplecze kuchenne wyposa\u017cone jest w kuchenk\u0119 gazow\u0105 wraz z piekarnikiem elektrycznym, 2 lod\u00f3wki, ciep\u0142\u0105 wod\u0119.<\/p>\n<p>Do dyspozycji jest te\u017c du\u017cy plac wyposa\u017cony w 5 \u0142awek\u00a0 oraz palenisko z rusztem lub grillem.<\/p>\n<p><strong>W terminie od 1.11.2022r do 31.03.2023r \u015awietlica nie jest wypo\u017cyczana.<\/strong><\/p>\n<h2>Koszt wynajmu:<\/h2>\n<ul>\n<li>Cz\u0142onkowie ROD &#8211; 150 z\u0142<\/li>\n<\/ul>\n<p><strong>Zaliczka przy rezerwacji terminu:<\/strong> 200 z\u0142<br \/>\n(Uwaga! Warunkiem aby termin zosta\u0142 zarezerwowany jest wp\u0142acenie zaliczki. W przypadku rezygnacji z rezerwacji zaliczka nie podlega zwrotowi.)<br \/>\nZu\u017cycie medi\u00f3w (pr\u0105d) op\u0142ata wg. wskaza\u0144 licznika.<\/p>\n<p>Woda\u00a0 op\u0142ata za zu\u017cycie 20z\u0142<\/p>\n<p>W celu uzyskania dodatkowych informacji prosimy o kontakt:<br \/>\ntel. 517 631 756<\/p>\n","protected":false},"excerpt":{"rendered":"<p>Wynajem \u015bwietlicy Zarz\u0105d ROD im. T. Ko\u015bciuszki w Szamotu\u0142ach u\u017cycza \u015bwietlic\u0119 dzia\u0142kow\u0105 na imprezy rodzinne i okoliczno\u015bciowe. Mo\u017cliwo\u015b\u0107 zorganizowania imprezy samodzielnie lub przy wsp\u00f3\u0142pracy firmy cateringowej. \u015awietlica wyposa\u017cona jest w sto\u0142y i krzes\u0142a na oko\u0142o 40 os\u00f3b (miejsca siedz\u0105ce) i jest to optymalna ilo\u015b\u0107 przy imprezie organizowanej wraz z zabaw\u0105 taneczn\u0105. Zapewniamy zaplecze sanitarne oraz &hellip; <\/p>\n","protected":false},"author":2,"featured_media":0,"parent":0,"menu_order":0,"comment_status":"closed","ping_status":"closed","template":"","meta":{"footnotes":""},"class_list":["post-133","page","type-page","status-publish","hentry"],"_links":{"self":[{"href":"https:\/\/rod-kosciuszki.pl\/index.php\/wp-json\/wp\/v2\/pages\/133","targetHints":{"allow":["GET"]}}],"collection":[{"href":"https:\/\/rod-kosciuszki.pl\/index.php\/wp-json\/wp\/v2\/pages"}],"about":[{"href":"https:\/\/rod-kosciuszki.pl\/index.php\/wp-json\/wp\/v2\/types\/page"}],"author":[{"embeddable":true,"href":"https:\/\/rod-kosciuszki.pl\/index.php\/wp-json\/wp\/v2\/users\/2"}],"replies":[{"embeddable":true,"href":"https:\/\/rod-kosciuszki.pl\/index.php\/wp-json\/wp\/v2\/comments?post=133"}],"version-history":[{"count":0,"href":"https:\/\/rod-kosciuszki.pl\/index.php\/wp-json\/wp\/v2\/pages\/133\/revisions"}],"wp:attachment":[{"href":"https:\/\/rod-kosciuszki.pl\/index.php\/wp-json\/wp\/v2\/media?parent=133"}],"curies":[{"name":"wp","href":"https:\/\/api.w.org\/{rel}","templated":true}]}}